{"id":989995,"date":"2023-11-28T18:33:04","date_gmt":"2023-11-29T00:33:04","guid":{"rendered":"https:\/\/rocodromo.mx\/?page_id=989995"},"modified":"2023-11-28T18:33:51","modified_gmt":"2023-11-29T00:33:51","slug":"aviso-de-privacidad","status":"publish","type":"page","link":"https:\/\/rocodromo.mx\/index.php\/aviso-de-privacidad\/","title":{"rendered":"Aviso de Privacidad"},"content":{"rendered":"\t\t<div data-elementor-type=\"wp-page\" data-elementor-id=\"989995\" class=\"elementor elementor-989995\">\n\t\t\t\t\t\t<section class=\"elementor-section elementor-top-section elementor-element elementor-element-5abed1c elementor-section-boxed elementor-section-height-default elementor-section-height-default\" data-id=\"5abed1c\" data-element_type=\"section\">\n\t\t\t\t\t\t<div class=\"elementor-container elementor-column-gap-default\">\n\t\t\t\t\t<div class=\"elementor-column elementor-col-100 elementor-top-column elementor-element elementor-element-f1a7700\" data-id=\"f1a7700\" data-element_type=\"column\">\n\t\t\t<div class=\"elementor-widget-wrap elementor-element-populated\">\n\t\t\t\t\t\t<div class=\"elementor-element elementor-element-d7ab22f elementor-widget elementor-widget-text-editor\" data-id=\"d7ab22f\" data-element_type=\"widget\" data-widget_type=\"text-editor.default\">\n\t\t\t\t<div class=\"elementor-widget-container\">\n\t\t\t\t\t\t\t\t\t<p><strong>AVISO DE PRIVACIDAD<\/strong><\/p><p>\u00a0<\/p><p><strong>RETA DESAF\u00cdA CONQUISTA S.A. DE C.V.,<\/strong> con domicilio en CALLE IGNACIO ALLENDE 5737, \u00c1NGELES MAYORAZGO, 72440 PUEBLA, PUE.en t\u00e9rminos de lo dispuesto por la Ley Federal del Protecci\u00f3n de Datos Personales en Posesi\u00f3n de los Particulares (en adelante \u201cLA LEY\u201d), as\u00ed como su REGLAMENTO, es responsable del uso, tratamiento, transferencia, almacenamiento y destrucci\u00f3n de sus datos personales, por lo que le pedimos leer el presente aviso de privacidad.<\/p><p>\u00a0<\/p><p><strong>RETA DESAF\u00cdA CONQUISTA S.A. DE C.V.<\/strong>, obtiene sus datos de manera personal, directa o indirecta, dentro de los que se pueden enunciar:<\/p><ol><li>Nombre;<\/li><li>Edad;<\/li><li>Fecha de nacimiento;<\/li><li>Clave \u00danica de Registro de Poblaci\u00f3n;<\/li><li>Domicilio fiscal;<\/li><li>Domicilio particular;<\/li><li>N\u00famero de tel\u00e9fono;<ol><li>Fijo;<\/li><li>M\u00f3vil;<\/li><\/ol><\/li><li>Correo electr\u00f3nico;<\/li><li>Registro Federal de Contribuyentes;<\/li><li>Informaci\u00f3n de cuentas bancarias;<\/li><li>Informaci\u00f3n de pago (datos de tarjetas de cr\u00e9dito).<\/li><\/ol><p>\u00a0<\/p><p>Es decir \u201cDatos Personales\u201d, haciendo menci\u00f3n expresa que <strong>RETA DESAF\u00cdA CONQUISTA S.A. DE C.V.,<\/strong> no recopila \u201cDatos Personales Sensibles\u201d, dicha distinci\u00f3n se encuentra regulada en el art\u00edculo tercero fracciones quinta y sexta de \u201cLA LEY\u201d.<\/p><p>Los Datos Personales recopilados ser\u00e1n utilizados por <strong>RETA DESAF\u00cdA CONQUISTA S.A. DE C.V.<\/strong>, para los prop\u00f3sitos y finalidades que a continuaci\u00f3n se indican:<\/p><ol><li>A efecto de identificarlo.<\/li><li>Para tener una continua comunicaci\u00f3n a fin de brindar siempre un mejor servicio.<\/li><li>As\u00ed como para la celebraci\u00f3n de los dem\u00e1s actos que el responsable puede realizar conforme a la ley y sus estatutos sociales.<\/li><li>Facturaci\u00f3n y cobranza<\/li><li>Publicidad<\/li><li>Promoci\u00f1on de nuestros servicios.<\/li><\/ol><p>\u00a0<\/p><p>De igual manera, <strong>RETA DESAF\u00cdA CONQUISTA S.A. DE C.V.,<\/strong> utilizar\u00e1 los Datos Personales para finalidades distintas como:<\/p><ol><li>Ofrecerle informaci\u00f3n de nuestros productos y servicios.<\/li><li>Con finalidades estad\u00edsticas.<\/li><li>Encuestas de los servicios prestados por <strong>RETA DESAF\u00cdA CONQUISTA S.A. DE C.V.<\/strong><\/li><li>Encuestas sobre la calidad de los productos.<\/li><li>Estudios de mercado.<\/li><li>Mantenerlo informado de nuevos procedimientos, productos y equipos.<\/li><\/ol><p>\u00a0<\/p><p><strong>RETA DESAF\u00cdA CONQUISTA S.A. DE C.V.,<\/strong> siempre con una actitud de brindarle la mejor atenci\u00f3n, reconoce su importancia y la de sus de sus DATOS PERSONALES, por lo que, para la protecci\u00f3n de los mismos, as\u00ed como el acceso no autorizado y para que sean utilizados con los prop\u00f3sitos y finalidades antes descritos, ha establecido procedimientos y medidas de seguridad f\u00edsicas, t\u00e9cnicas y electr\u00f3nicas, contra el uso, acceso, tratamiento no autorizado, perdida, alteraci\u00f3n y divulgaci\u00f3n. \u00a0Los datos podr\u00e1n ser transferidos a las personas f\u00edsicas y\/o morales con las que la sociedad tenga una relaci\u00f3n contractual (proveedores, mensajeros, etc.), lo anterior siempre que dicha transferencia sea acorde a los prop\u00f3sitos y finalidades enunciados con anterioridad.<\/p><p>\u00a0<\/p><p>Para el ejercicio de los derechos de Acceso, Rectificaci\u00f3n, Cancelaci\u00f3n u Oposici\u00f3n (ARCO), <strong>RETA DESAF\u00cdA CONQUISTA S.A. DE C.V.,<\/strong> le informa que en todo momento, usted o su representante tendr\u00e1n acceso a sus datos, pudiendo ejercer cualquiera de los derechos mencionados (Acceso, Rectificaci\u00f3n, Cancelaci\u00f3n u Oposici\u00f3n), enviando su solicitud al correo electr\u00f3nico contacto@rocodromo.mx en un horario de las 09:00 horas a las 18:00 horas, o bien presentando la solicitud por duplicado en las instalaciones de <strong>RETA DESAF\u00cdA CONQUISTA S.A. DE C.V.,<\/strong> en un horario de Lunes a Viernes de 16:00 horas a 20:00 horas.<\/p><p>\u00a0<\/p><p>En cualquiera de los casos anteriores la solicitud deber\u00e1 contener por lo menos los siguientes datos:<\/p><ol><li>El nombre del titular.<\/li><li>Domicilio u otro medio para comunicarle la respuesta a su solicitud.<\/li><li>Los documentos que acrediten la identidad o, en su caso, la representaci\u00f3n legal del titular.<\/li><li>Descripci\u00f3n clara y precisa de los datos personales respecto de los que se busca ejercer alguno de los derechos citados.<\/li><li>Cualquier otro documento u elemento que le facilite a <strong>RETA DESAF\u00cdA CONQUISTA S.A. DE C.V.,<\/strong> la localizaci\u00f3n de los datos personales.<\/li><li>Escribiendo como asunto \u201cARCO\u201d cuando sea para el Acceso, Rectificaci\u00f3n, Cancelaci\u00f3n u Oposici\u00f3n, si fuere la para la revocaci\u00f3n del consentimiento al tratamiento de sus datos personales indicara como asunto \u201cRevocaci\u00f3n al Consentimiento\u201d.<\/li><\/ol><p>\u00a0<\/p><p><strong>RETA DESAF\u00cdA CONQUISTA S.A. DE C.V.<\/strong>, se reserva el derecho de modificar el presente aviso de privacidad, cualquier modificaci\u00f3n o actualizaci\u00f3n que sufriera este aviso de privacidad, estar\u00e1n a su disposici\u00f3n en la p\u00e1gina de internet <a href=\"https:\/\/rocodromo.mx\/\">https:\/\/rocodromo.mx\/<\/a> en donde se indicar\u00e1 la fecha con la que se realizaron las modificaciones o actualizaciones parciales o totales del mismo.<\/p><p>\u00a0<\/p><p><strong>RETA DESAF\u00cdA CONQUISTA S.A. DE C.V.<\/strong>, graba videos, y toma fotograf\u00edas de los eventos que realiza, si usted ingresa o transita por las oficinas de la empresa acepta que podr\u00e1 ser grabado y\/o fotografiado, por razones de seguridad.<\/p><p>\u00a0<\/p><p>Cualquier duda o comentario, le pedimos se contacte con el \u00c1rea Responsable de Datos Personales, a trav\u00e9s del correo electr\u00f3nico contacto@rocodromo.mx, no olvide nuestro objetivo es siempre brindar el mejor servicio.<\/p><p>\u00a0<\/p><p>La falta de manifestaci\u00f3n de inconformidad a los t\u00e9rminos y condiciones previstos en este aviso de privacidad representa su adhesi\u00f3n, consentimiento y autorizaci\u00f3n al mismo en todos sus t\u00e9rminos.<\/p>\t\t\t\t\t\t\t\t<\/div>\n\t\t\t\t<\/div>\n\t\t\t\t\t<\/div>\n\t\t<\/div>\n\t\t\t\t\t<\/div>\n\t\t<\/section>\n\t\t\t\t<\/div>\n\t\t","protected":false},"excerpt":{"rendered":"<p>AVISO DE PRIVACIDAD \u00a0 RETA DESAF\u00cdA CONQUISTA S.A. DE C.V., con domicilio en CALLE IGNACIO ALLENDE 5737, \u00c1NGELES MAYORAZGO, 72440 PUEBLA, PUE.en t\u00e9rminos de lo dispuesto por la Ley Federal del Protecci\u00f3n de Datos Personales en Posesi\u00f3n de los Particulares (en adelante \u201cLA LEY\u201d), as\u00ed como su REGLAMENTO, es responsable del uso, tratamiento, transferencia, almacenamiento&#8230;<\/p>\n","protected":false},"author":2,"featured_media":0,"parent":0,"menu_order":0,"comment_status":"closed","ping_status":"closed","template":"","meta":{"_joinchat":[],"footnotes":""},"class_list":["post-989995","page","type-page","status-publish","hentry"],"_links":{"self":[{"href":"https:\/\/rocodromo.mx\/index.php\/wp-json\/wp\/v2\/pages\/989995","targetHints":{"allow":["GET"]}}],"collection":[{"href":"https:\/\/rocodromo.mx\/index.php\/wp-json\/wp\/v2\/pages"}],"about":[{"href":"https:\/\/rocodromo.mx\/index.php\/wp-json\/wp\/v2\/types\/page"}],"author":[{"embeddable":true,"href":"https:\/\/rocodromo.mx\/index.php\/wp-json\/wp\/v2\/users\/2"}],"replies":[{"embeddable":true,"href":"https:\/\/rocodromo.mx\/index.php\/wp-json\/wp\/v2\/comments?post=989995"}],"version-history":[{"count":4,"href":"https:\/\/rocodromo.mx\/index.php\/wp-json\/wp\/v2\/pages\/989995\/revisions"}],"predecessor-version":[{"id":989999,"href":"https:\/\/rocodromo.mx\/index.php\/wp-json\/wp\/v2\/pages\/989995\/revisions\/989999"}],"wp:attachment":[{"href":"https:\/\/rocodromo.mx\/index.php\/wp-json\/wp\/v2\/media?parent=989995"}],"curies":[{"name":"wp","href":"https:\/\/api.w.org\/{rel}","templated":true}]}}